{"id":15,"date":"2015-10-11T13:43:28","date_gmt":"2015-10-11T12:43:28","guid":{"rendered":"http:\/\/lsocbasket.fr\/index\/?page_id=15"},"modified":"2022-07-14T17:29:40","modified_gmt":"2022-07-14T16:29:40","slug":"liens","status":"publish","type":"page","link":"https:\/\/lsocbasket.fr\/index.php\/liens\/","title":{"rendered":"Liens"},"content":{"rendered":"\n<div style=\"height:100px\" aria-hidden=\"true\" class=\"wp-block-spacer\"><\/div>\n\n\n<ul>\n<li style=\"text-align: center;\"><a href=\"https:\/\/resultats.ffbb.com\/organisation\/5ce.html\">R\u00e9gion IDF<\/a><\/li>\n<li style=\"text-align: center;\"><a href=\"http:\/\/www.colombes.fr\/\">Ville de COLOMBES<\/a><\/li>\n<li style=\"text-align: center;\"><a href=\"https:\/\/hautsdeseinebasketball.org\/\">Comit\u00e9 Basket du 92<\/a><\/li>\n<li style=\"text-align: center;\"><a href=\"http:\/\/www.basketidf.com\/\">Ligue Ile de france de Basket-ball<\/a><\/li>\n<li style=\"text-align: center;\"><a href=\"http:\/\/www.lnb.fr\/\">LNB<\/a><\/li>\n<li style=\"text-align: center;\"><a href=\"http:\/\/www.basketfrance.com\/\">FFBB<\/a><\/li>\n<li style=\"text-align: center;\"><a href=\"https:\/\/www.facebook.com\/ProAmMedia\/\">ProM\u00e9dia<\/a><\/li>\n<li style=\"text-align: center;\"><a href=\"http:\/\/live.ffbb.com\/\">LIVESTATS<\/a><\/li>\n<li style=\"text-align: center;\"><a href=\"http:\/\/www.bebasket.fr\/\">BeBasket<\/a><\/li>\n<li style=\"text-align: center;\"><a href=\"http:\/\/basketinforum.com\/viewforum.php?f=21\">Forum Basket<\/a><\/li>\n<li style=\"text-align: center;\"><a href=\"http:\/\/www.nba.com\/\">NBA<\/a><\/li>\n<li style=\"text-align: center;\"><a href=\"http:\/\/www.wnba.com\/\">WNBA<\/a><\/li>\n<\/ul>","protected":false},"excerpt":{"rendered":"<p>R\u00e9gion IDF Ville de COLOMBES Comit\u00e9 Basket du 92 Ligue Ile de france de Basket-ball LNB FFBB ProM\u00e9dia LIVESTATS BeBasket Forum Basket NBA WNBA<\/p>\n","protected":false},"author":1,"featured_media":0,"parent":0,"menu_order":6,"comment_status":"closed","ping_status":"closed","template":"","meta":{"site-sidebar-layout":"default","site-content-layout":"default","ast-global-header-display":"","ast-main-header-display":"","ast-hfb-above-header-display":"","ast-hfb-below-header-display":"","ast-hfb-mobile-header-display":"","site-post-title":"disabled","ast-breadcrumbs-content":"","ast-featured-img":"","footer-sml-layout":"","theme-transparent-header-meta":"","adv-header-id-meta":"","stick-header-meta":"","header-above-stick-meta":"","header-main-stick-meta":"","header-below-stick-meta":"","footnotes":""},"class_list":["post-15","page","type-page","status-publish","hentry"],"_links":{"self":[{"href":"https:\/\/lsocbasket.fr\/index.php\/wp-json\/wp\/v2\/pages\/15","targetHints":{"allow":["GET"]}}],"collection":[{"href":"https:\/\/lsocbasket.fr\/index.php\/wp-json\/wp\/v2\/pages"}],"about":[{"href":"https:\/\/lsocbasket.fr\/index.php\/wp-json\/wp\/v2\/types\/page"}],"author":[{"embeddable":true,"href":"https:\/\/lsocbasket.fr\/index.php\/wp-json\/wp\/v2\/users\/1"}],"replies":[{"embeddable":true,"href":"https:\/\/lsocbasket.fr\/index.php\/wp-json\/wp\/v2\/comments?post=15"}],"version-history":[{"count":21,"href":"https:\/\/lsocbasket.fr\/index.php\/wp-json\/wp\/v2\/pages\/15\/revisions"}],"predecessor-version":[{"id":1725,"href":"https:\/\/lsocbasket.fr\/index.php\/wp-json\/wp\/v2\/pages\/15\/revisions\/1725"}],"wp:attachment":[{"href":"https:\/\/lsocbasket.fr\/index.php\/wp-json\/wp\/v2\/media?parent=15"}],"curies":[{"name":"wp","href":"https:\/\/api.w.org\/{rel}","templated":true}]}}